se 7, what is -6246434 + 5?
-6246426
In base 15, what is -aad0a7 - -4?
-aad0a3
In base 11, what is -4887673 - 0?
-4887673
In base 4, what is 3112232 - 1201320?
1310312
In base 5, what is 120444200 - 13311?
120430334
In base 2, what is 1000 - 1101000110001110100101110?
-1101000110001110100100110
In base 12, what is -a072b - 2?
-a0731
In base 2, what is 10001000111100110 - 110011?
10001000110110011
In base 5, what is 3414102 + 214?
3414321
In base 5, what is -11 + 42342103?
42342042
In base 16, what is -20d5 - 72d?
-2802
In base 15, what is 1 - 22752ca?
-22752c9
In base 8, what is -35464437 - -5?
-35464432
In base 11, what is -2 - 26a567?
-26a569
In base 10, what is 398149 - 501?
397648
In base 13, what is -123b8 + 233?
-12185
In base 6, what is -442 + -111334?
-112220
In base 12, what is -b7aa + 306?
-b4a4
In base 14, what is 4811cdc5 + 3?
4811cdc8
In base 7, what is -1505401 + -213?
-1505614
In base 6, what is -4150110 + 34?
-4150032
In base 16, what is 85 - 6aebf?
-6ae3a
In base 5, what is -1 + 21312301442?
21312301441
In base 4, what is 3023 + 30331013?
31000102
In base 5, what is -420133430 + 1314?
-420132111
In base 12, what is a3a4628 + 1?
a3a4629
In base 16, what is 1d1 - -23497?
23668
In base 4, what is 10321233 - 103?
10321130
In base 10, what is 64 + -3344890?
-3344826
In base 8, what is -64622 + 626?
-63774
In base 4, what is -10012023 - -13210110?
3132021
In base 7, what is 3546 - -5261?
12140
In base 16, what is 4 - -709add?
709ae1
In base 13, what is 50601 + 4a6?
50aa7
In base 16, what is 5 + -1180fd8?
-1180fd3
In base 6, what is -5 + -1135310201?
-1135310210
In base 16, what is 0 - 1775193?
-1775193
In base 2, what is -1010000100010 - 1100110110100?
-10110111010110
In base 15, what is -125 - 29514?
-29639
In base 9, what is -4008 + 225736?
221727
In base 5, what is 123311412 - -320?
123312232
In base 5, what is -4 - 1010130244?
-1010130303
In base 6, what is -10 + -153223312?
-153223322
In base 16, what is 1 + -81fed5?
-81fed4
In base 14, what is -6dcd4 + -2?
-6dcd6
In base 12, what is 554983 - 2?
554981
In base 9, what is 40871 - 144?
40726
In base 7, what is 1655 + -103420?
-101432
In base 2, what is -11110111110 - -100000100000100?
11100101000110
In base 8, what is 1435 + 367730?
371365
In base 5, what is -31013203 + 204?
-31012444
In base 16, what is 1a13 + -105?
190e
In base 13, what is -2cbc0 - 118?
-30008
In base 3, what is 102002210112 + -2210102?
102000000010
In base 10, what is 3179857 - -2?
3179859
In base 10, what is 124475 + 3891?
128366
In base 7, what is 25 + 105133?
105161
In base 7, what is -4 + -455044?
-455051
In base 6, what is -152510534 - 510?
-152511444
In base 3, what is 11021 + 1021102110?
1021120201
In base 13, what is -10a6ab - 22?
-10a700
In base 11, what is -3 - 2417750?
-2417753
In base 14, what is b0d015 + -2?
b0d013
In base 7, what is -1446350 + 241?
-1446106
In base 6, what is -350521104 - 4?
-350521112
In base 12, what is 2 + 3b771a9?
3b771ab
In base 13, what is -142776 - -15?
-142761
In base 2, what is -11011110001011010010 - 100110110?
-11011110010000001000
In base 16, what is -13131 - 8a1?
-139d2
In base 14, what is 1cb10 - 156?
1c998
In base 11, what is 0 - -56113161?
56113161
In base 8, what is -62 - 112763?
-113045
In base 3, what is -22 - -220120021010211?
220120021010112
In base 13, what is -4394630 + -3?
-4394633
In base 16, what is -1c + 1c3a02?
1c39e6
In base 8, what is 566 + -2711?
-2123
In base 8, what is 62 + 1241546?
1241630
In base 14, what is 4a8bc + -171?
4a74b
In base 4, what is -320331112 + 13133?
-320311313
In base 16, what is 2ff3db3 + -8?
2ff3dab
In base 14, what is 28588d + 45?
2858d4
In base 8, what is 5464031 + -11?
5464020
In base 10, what is 3997962 - -51?
3998013
In base 14, what is -188ab90 + -4?
-188ab94
In base 12, what is 2ba3241 + -3?
2ba323a
In base 14, what is -11a658 + 3cd?
-11a269
In base 6, what is -5424 - 331054?
-340522
In base 3, what is -21012111 - 1001010?
-22020121
In base 13, what is -bab3a2 + -3?
-bab3a5
In base 15, what is -35a4d0a8 - -3?
-35a4d0a5
In base 5, what is 0 + 12110300424?
12110300424
In base 3, what is -122020021021222 - 2?
-122020021022001
In base 9, what is 3 - 21602845?
-21602842
In base 9, what is 508820 + 38?
508858
In base 10, what is 90246 + 2764?
93010
In base 15, what is -198d98 + b5?
-198cd3
In base 16, what is 23c81d5 + -4?
23c81d1
In base 8, what is 2744334 + 34?
2744370
In base 5, what is 43 + 32232004?
32232102
In base 10, what is 20214104 - -2?
20214106
In base 9, what is 51483816 - -5?
51483822
In base 5, what is 2104121020 + 21?
2104121041
In base 3, what is 10 - 111022022220?
-111022022210
In base 16, what is 1ad + 242c6?
24473
In base 4, what is 23123301311 + -3?
23123301302
In base 4, what is -200120313330311 + -1?
-200120313330312
In base 16, what is -e0 - -50a1?
4fc1
In base 4, what is 1 - 13032212?
-13032211
In base 14, what is -b66b4 + a2?
-b6612
In base 8, what is -174135 + 430?
-173505
In base 15, what is -55 + -b4ca?
-b530
In base 13, what is 1403a + 128?
14165
In base 10, what is 48 + -10206?
-10158
In base 7, what is 1 + 153623026?
153623030
In base 5, what is -14401430231 - -2?
-14401430224
In base 15, what is 1 - -2660c5d?
2660c5e
In base 4, what is -3220102 - -3332031?
111323
In base 9, what is 7185 + 3381?
11576
In base 4, what is 10010 + 1112310001?
1112320011
In base 4, what is -13 + -210032323030?
-210032323103
In base 3, what is -20021010202 - 10101?
-20021021010
In base 16, what is -71eac - -57?
-71e55
In base 7, what is -1 - 612123325?
-612123326
In base 9, what is 38 + 2527215?
2527254
In base 15, what is 3 - eecd3?
-eecd0
In base 11, what is -1755 - -a84?
-781
In base 4, what is 1021311132 + 1?
1021311133
In base 10, what is 1403 - -499?
1902
In base 13, what is -1219 + -44a39?
-45c55
In base 9, what is 120556078 + 27?
120556116
In base 3, what is -1110200 - -11022121102?
11021010202
In base 7, what is 0 - -352652310?
352652310
In base 5, what is -1200310002 - -20?
-1200304432
In base 8, what is -2754262 - 44?
-2754326
In base 10, what is -4 + 5925735?
5925731
In base 3, what is 22110001120 - -2101021?
22112102211
In base 15, what is -2043c - 41?
-2047d
In base 4, what is 323123322210 - 10?
323123322200
In base 11, what is -2840141a - 0?
-2840141a
In base 6, what is -30043223 - 2?
-30043225
In base 11, what is -1 + 73350?
7334a
In base 10, what is 103325 - -485?
103810
In base 11, what is -872 - 1229?
-1aa0
In base 8, what is -1 - -3642223?
3642222
In base 9, what is 3113 + -2762?
241
In base 9, what is 282108528 - 4?
282108524
In base 2, what is -100110010010110 + -110111111110?
-101101010010100
In base 4, what is -113 - -1100000321?
1100000202
In base 16, what is -93f + 994bd?
98b7e
In base 7, what is -320312136 + 64?
-320312042
In base 2, what is -11 - -101111111100010101110001?
101111111100010101101110
In base 12, what is 909a82 + 14?
909a96
In base 14, what is -10479872 - 1?
-10479873
In base 8, what is 13166 + 16306?
31474
In base 5, what is 0 - -10012323010?
10012323010
In base 2, what is 111110110110011 - 1110011?
111110101000000
In base 13, what is -1033012 - -27?
-1032cb8
In base 6, what is -411 + 4424250?
4423435
In base 4, what is 3202 - 11311221031?
-11311211223
In base 2, what is 100 + -100111000111000010?
-100111000110111110
In base 6, what is 3402044 + 3544?
3410032
In base 6, what is 545 - -14500?
15445
In base 16, what is -dc408 + 5?
-dc403
In base 15, what is 228 + 4e37?
5160
In base 15, what is 11 + -67b8d74?
-67b8d63
In base 10, what is 7983 + 7338?
15321
In base 8, what is 44170 - -3706?
50076
In base 15, what is -10 - -2b46e1?
2b46d1
In base 4, what is -11 - 11033031233?
-11033031310
In base 8, what is -21402 + -10524?
-32126
In base 6, what is -200 - -11313154?
11312554
In base 4, what is -3001000112 - 11133?
-3001011311
In base 8, what is -100 - 420350?
-420450
In base 16, what is -bac410 - a?
-bac41a
In base 14, what is -8a0 - 1628?
-20c8
In base 7, what is -120 - -103111321?
103111201
In base 9, what is -16125 + -51066?
-67202
In base 14, what is -c40a015 + -2?
-c40a017
In base 2, what is -1000001101110100000011 + 10010111?
-1000001101110001101100
In base 12, what is -57971 + -1360?
-59111
In base 11, what is 214932 - 18?
214915
In base 8, what is -37345117 + -100?
